st common divisor of 30 and 30?
30
Calculate the highest common divisor of 1463 and 7.
7
Calculate the greatest common factor of 286 and 52.
26
What is the highest common factor of 14 and 1134?
14
Calculate the highest common factor of 500 and 10600.
100
What is the highest common divisor of 2320 and 160?
80
Calculate the highest common factor of 380 and 20.
20
Calculate the highest common divisor of 12 and 2772.
12
What is the greatest common factor of 2 and 3163?
1
What is the greatest common divisor of 119 and 136?
17
Calculate the highest common divisor of 77 and 119.
7
Calculate the highest common divisor of 98 and 20.
2
What is the highest common factor of 70 and 42?
14
Calculate the greatest common divisor of 30 and 1230.
30
Calculate the greatest common divisor of 3335 and 115.
115
Calculate the highest common divisor of 87 and 725.
29
What is the highest common divisor of 154 and 693?
77
Calculate the greatest common factor of 144 and 780.
12
What is the greatest common divisor of 60 and 9300?
60
What is the highest common divisor of 1855 and 385?
35
Calculate the highest common divisor of 56 and 420.
28
Calculate the highest common factor of 603 and 9313.
67
Calculate the highest common factor of 392 and 1470.
98
Calculate the greatest common divisor of 290 and 30.
10
What is the highest common factor of 153 and 272?
17
Calculate the greatest common divisor of 1185 and 10.
5
What is the highest common factor of 18 and 264?
6
Calculate the greatest common factor of 237 and 316.
79
What is the greatest common factor of 13366 and 82?
82
Calculate the greatest common factor of 162 and 243.
81
What is the greatest common divisor of 128 and 3456?
128
Calculate the greatest common divisor of 9 and 6.
3
What is the greatest common factor of 210 and 84?
42
Calculate the highest common factor of 573 and 6.
3
Calculate the greatest common factor of 255 and 735.
15
Calculate the greatest common divisor of 8143 and 17.
17
What is the highest common divisor of 6 and 42?
6
What is the greatest common factor of 4 and 26?
2
Calculate the highest common divisor of 527 and 221.
17
What is the highest common divisor of 133 and 21?
7
What is the greatest common divisor of 84 and 266?
14
Calculate the highest common factor of 2852 and 46.
46
What is the highest common factor of 1 and 113?
1
What is the highest common factor of 3276 and 13?
13
Calculate the highest common divisor of 391 and 23.
23
Calculate the greatest common divisor of 196 and 637.
49
Calculate the highest common divisor of 43 and 344.
43
What is the highest common factor of 176 and 64?
16
Calculate the highest common divisor of 870 and 3828.
174
What is the greatest common divisor of 68 and 272?
68
Calculate the greatest common divisor of 955 and 191.
191
Calculate the greatest common divisor of 15 and 1970.
5
Calculate the greatest common divisor of 35 and 259.
7
What is the greatest common factor of 30 and 795?
15
Calculate the highest common factor of 21 and 17031.
21
Calculate the greatest common factor of 34 and 17.
17
Calculate the greatest common factor of 104 and 858.
26
Calculate the highest common divisor of 1011 and 6.
3
What is the highest common factor of 34275 and 150?
75
Calculate the highest common factor of 2167 and 33.
11
Calculate the greatest common factor of 255 and 204.
51
What is the highest common factor of 2596 and 44?
44
What is the highest common divisor of 1768 and 68?
68
Calculate the greatest common divisor of 7 and 749.
7
Calculate the greatest common divisor of 1596 and 84.
84
What is the greatest common factor of 776 and 8?
8
What is the greatest common factor of 415 and 332?
83
What is the greatest common divisor of 3132 and 216?
108
What is the highest common factor of 1425 and 30?
15
What is the highest common factor of 590 and 10?
10
What is the greatest common factor of 3975 and 159?
159
What is the highest common factor of 1037 and 238?
17
Calculate the highest common factor of 8172 and 9.
9
Calculate the greatest common divisor of 6633 and 99.
99
Calculate the greatest common divisor of 68 and 1377.
17
Calculate the greatest common divisor of 2848 and 534.
178
What is the highest common factor of 198 and 110?
22
What is the greatest common factor of 180 and 54?
18
Calculate the greatest common factor of 396 and 108.
36
Calculate the greatest common divisor of 78 and 6318.
78
Calculate the highest common divisor of 72 and 621.
9
What is the greatest common factor of 51 and 238?
17
Calculate the highest common factor of 6 and 135.
3
What is the highest common factor of 15793 and 17?
17
Calculate the greatest common divisor of 55 and 10.
5
What is the highest common divisor of 6138 and 132?
66
What is the greatest common factor of 105 and 6?
3
What is the greatest common factor of 252 and 6300?
252
What is the highest common factor of 16515 and 225?
45
What is the greatest common factor of 416 and 338?
26
Calculate the highest common divisor of 61264 and 14.
14
Calculate the greatest common divisor of 1022 and 14.
14
Calculate the greatest common factor of 12 and 1788.
12
What is the greatest common divisor of 80 and 710?
10
Calculate the highest common divisor of 3 and 393.
3
What is the highest common divisor of 205 and 20?
5
What is the highest common factor of 16 and 15888?
16
What is the highest common divisor of 10 and 1280?
10
Calculate the greatest common factor of 10251 and 17.
17
Calculate the highest common factor of 540 and 20.
20
What is the highest common factor of 12165 and 15?
15
What is the highest common divisor of 340 and 255?
85
Calculate the highest common factor of 160 and 920.
40
What is the greatest common factor of 35 and 392?
7
What is the highest common divisor of 74 and 962?
74
Calculate the highest common factor of 22 and 209.
11
Calculate the highest common divisor of 6 and 258.
6
What is the greatest common factor of 410 and 70?
10
Calculate the greatest common divisor of 6656 and 104.
104
Calculate the highest common factor of 37922 and 134.
134
What is the highest common factor of 372 and 24?
12
Calculate the greatest common divisor of 336 and 2784.
48
Calculate the greatest common factor of 4520 and 40.
40
Calculate the greatest common factor of 371 and 265.
53
Calculate the highest common divisor of 12 and 84.
12
What is the highest common factor of 6 and 16?
2
Calculate the highest common divisor of 234 and 494.
26
Calculate the greatest common divisor of 671 and 2562.
61
Calculate the highest common factor of 52 and 182.
26
What is the highest common divisor of 4995 and 15?
15
Calculate the highest common factor of 4045 and 10.
5
Calculate the greatest common divisor of 200 and 4520.
40
Calculate the highest common divisor of 32 and 15584.
32
Calculate the highest common divisor of 93 and 22382.
31
Calculate the highest common divisor of 4 and 284.
4
What is the highest common factor of 75 and 175?
25
Calculate the greatest common divisor of 22 and 33.
11
What is the highest common factor of 37761 and 614?
307
What is the greatest common divisor of 884 and 1360?
68
Calculate the greatest common divisor of 44 and 4.
4
What is the highest common factor of 3 and 591?
3
Calculate the highest common factor of 124 and 3596.
124
What is the greatest common divisor of 10 and 160?
10
Calculate the greatest common divisor of 854 and 244.
122
What is the highest common divisor of 5700 and 175?
25
What is the highest common factor of 206 and 2?
2
What is the highest common divisor of 10308 and 12?
12
Calculate the highest common divisor of 1944 and 24.
24
What is the highest common factor of 124 and 70?
2
What is the highest common divisor of 138 and 6?
6
Calculate the greatest common divisor of 999 and 189.
27
Calculate the highest common factor of 882 and 18.
18
What is the greatest common factor of 34 and 2329?
17
Calculate the greatest common factor of 13667 and 79.
79
What is the highest common divisor of 273 and 21?
21
Calculate the greatest common divisor of 60181 and 11.
11
Calculate the highest common divisor of 1860 and 555.
15
Calculate the greatest common factor of 13 and 117.
13
Calculate the highest common divisor of 210 and 135.
15
Calculate the highest common divisor of 470 and 20.
10
What is the greatest